ve of j**5/60 - 13*j**4/12 - 45*j**3/2 + 27*j**2. Calculate the remainder when 53 is divided by q(31).
13
Let c(t) = -5 - t**3 - 2 - 4 + 18*t**2 - 3 - 16*t. Let m be c(17). Suppose -m*a + 39 = -24. Calculate the remainder when 83 is divided by a.
20
Let y(r) = r**3 + 0 - 1 - 97*r - r**2 + 88*r. What is the remainder when 339 is divided by y(4)?
9
Suppose -3*r + 13 = 4. Suppose 2*c - 60 = -r*c. Calculate the remainder when c is divided by -1 + 5 - (5/(-1) + 4).
2
Suppose 186 = g + 2*g. Suppose c + 1510 = 1523. Calculate the remainder when g is divided by c.
10
Let j(g) = 3*g**3 - 8*g**2 + 5*g + 10. Suppose -40 + 22 = -6*z. What is the remainder when 131 is divided by j(z)?
29
Let j = 50 - 88. Let d = j - -42. What is the remainder when (-1482)/(-42) + d/(-14) is divided by 19?
16
Let l = -2215 - -1195. Let j(u) = -2*u**2 + 13*u + 2. What is the remainder when l/(-21) + (-3)/(-7) is divided by j(5)?
15
Suppose 3*r = -0*r + 9. Suppose 0*s = -r*s + 9. What is the remainder when 16 is divided by (-68)/(-24)*s + 3/6?
7
Suppose 5*f + 1170 = -f. Let o = f + 201. What is the remainder when 12 is divided by o?
0
Suppose 4*v = 3*k - 9 - 23, 3*v = -k + 2. Let h(q) = 2*q**2 - 2*q - 48. Calculate the remainder when h(k) is divided by 17.
13
Let j = 8805 - 8041. Calculate the remainder when j is divided by 85.
84
Calculate the remainder when 2437 is divided by -2 + (194 + -190)/(8/354).
162
Let o = 22 + -6. Let z(y) be the first derivative of y**2/2 + 2*y + 2. Calculate the remainder when 33 is divided by z(o).
15
Suppose 5*m - y + 27 = 0, -4*m - 21 = -0*y - y. Calculate the remainder when 33 is divided by (-6)/9 + (-130)/m.
12
Let f = 19323 - 19255. What is the remainder when 241 is divided by f?
37
Suppose -z + 10 = 5*a - 3, 5*a = -4*z + 7. Calculate the remainder when 80/(-4)*1/(-5)*3 is divided by z*((-45)/10 + 3).
0
Calculate the remainder when 2/((2/8)/((133991/(-88))/(-13))) is divided by 232.
9
Let t = 79 + 18. Let g be 1*102 + -17 + 15. Suppose 7*l - g = 2*l. Calculate the remainder when t is divided by l.
17
What is the remainder when 59 is divided by (45 - 6) + 0/1?
20
Let h = 3041 - 2754. Calculate the remainder when h is divided by 284.
3
Suppose -2*w + 47 + 25 = 0. Suppose -38*o = -w*o - 238. Calculate the remainder when o is divided by 36.
11
Let h(q) = -2*q**2 - 83*q - 659. Calculate the remainder when 2850 is divided by h(-30).
29
Let q = 27632 + -27470. Calculate the remainder when 1143 is divided by q.
9
Suppose 6*i - 546 = -0*i - 36*i. Calculate the remainder when 3638 is divided by i.
11
Let q = 26036 + -25892. What is the remainder when q is divided by 116?
28
Let g(t) = -2 + t + 0*t - 5*t + 3*t. Let i be g(-5). Suppose i*q + 27 = 72. Calculate the remainder when 134 is divided by q.
14
Suppose 0 = -2*z - 5 + 15, -24 = -n - 4*z. Let q(h) = 2*h - 37. What is the remainder when q(32) is divided by n*(-2)/(-4)*7?
13
Suppose i - 75 - 1007 = 2*y, -7*i + 7574 = -2*y. Calculate the remainder when i is divided by 181.
177
Let w(k) = 52*k - 7. Let i be w(8). Suppose 5*h = -2*o + 495, 9*h - 5*h - o = i. Calculate the remainder when h is divided by 20.
1
Let w(g) = g**3 - 40*g**2 - 5*g + 191. Let k be w(40). What is the remainder when 64 - -7 - 0/k is divided by 25?
21
Let q = -223 - -223. Suppose 4*f + 4 = q, 0*f = -b - 3*f + 32. Calculate the remainder when 104 is divided by b.
34
Let t be ((-28)/(-10))/(70/175). Calculate the remainder when 38 is divided by -4 + ((-21)/(-1) - (10 - t)).
10
Let b = 25 + -13. Let y be (3/b)/(1/8). Let o = 21 + y. What is the remainder when o is divided by 6?
5
Suppose -4*g - 15 = -o, 4*o + 39 = -3*g + 4. Let l(h) = h**3 + 6*h**2 + 2*h - 4. What is the remainder when 17 is divided by l(g)?
6
Suppose 3*g = -5*u + 59 + 261, 2*u = 2*g + 144. What is the remainder when u is divided by 12?
7
Suppose -39*q + 5*m = -35*q - 539, 4*q = 3*m + 541. What is the remainder when 2308 is divided by q?
132
Let a(y) = 997*y + 24. What is the remainder when a(2) is divided by 43?
40
Let y(a) = 16*a - 1. Let u be y(1). Let b(j) = -2*j - 1 + u + 11*j. Calculate the remainder when 53 is divided by b(0).
11
Suppose 237*p - 251*p + 7728 = 0. What is the remainder when p is divided by 29?
1
Suppose -26*i - 4*i = -13*i - 17850. What is the remainder when i is divided by 339?
33
Suppose 119*c - 9452 = -7*c - 13*c. Calculate the remainder when 337 + (4 + 2)/3 is divided by c.
67
Let z(j) = j**2 + 19*j. Let f be z(0). Suppose f = 14*l - 1212 - 538. Calculate the remainder when l is divided by 46.
33
Let o = -1923 + 1963. Calculate the remainder when 179 is divided by o.
19
Let o be (-24)/20*10/(-3). Suppose o*c - 24 = 3*c. Calculate the remainder when 69 is divided by c.
21
Suppose 29*m = 44*m - 17*m + 972. What is the remainder when m is divided by 138?
72
Let v(b) = -5*b**2 - 1. Let p be v(1). Let m = 3084 - 3078. Calculate the remainder when 79 is divided by p*(-21)/m + (-1)/1.
19
Suppose 0 = 2*c - 3*i - 234, -443 - 129 = -5*c + i. Suppose -104*n = -c*n + 970. What is the remainder when n is divided by 37?
23
Let w(f) = 3*f - 6. Let v be w(-5). Let z = v + 44. Suppose 70 = 2*i - 3*l, 15*i - 3*l = 12*i + 114. Calculate the remainder when i is divided by z.
21
Let m = -150 + 162. Calculate the remainder when 59 is divided by ((-16)/36*24)/(m/(-18)).
11
Suppose 0 = 320*m - 302*m - 3150. Calculate the remainder when 708 is divided by m.
8
Suppose 4*o - 3*b - 240 = 0, 2*o + 3*o - 3*b = 300. Suppose 11*p - 6*p - o = 0. Calculate the remainder when 50 is divided by p.
2
Let x = -42 - -95. Suppose 126 = -x*i + 55*i. Suppose 44*a - 12*a = 704. What is the remainder when i is divided by a?
19
Let y = 123 - 120. Suppose 151 + 77 = y*x. What is the remainder when x is divided by 41?
35
Suppose 0 = -2*m - 16 + 20. Suppose 4*r + 186 = 2*u + m*r, -u - 5*r + 105 = 0. Let d = -25 - -41. What is the remainder when u is divided by d?
15
Let g be -2*10/(-25)*-5. Let n be (-6)/(-2)*g*3/(-9). Suppose -4*a - 26 = -3*v + 15, n*v - a - 59 = 0. Calculate the remainder when 55 is divided by v.
10
Suppose -14*z - 34 = -20*z + m, 7 = -z - 3*m. Calculate the remainder when 2734 is divided by z.
4
Suppose 5*w = -3*o + 222, -13*o = -4*w - 8*o + 185. What is the remainder when 517 is divided by w?
22
Let g be (-2)/7 - (-268)/7. Suppose 61*p = 57*p - 5*q + 52, p = 2*q. Let y = g - p. What is the remainder when 146 is divided by y?
26
Suppose 41*c - 40*c = -135. Let m = 323 + c. Calculate the remainder when m is divided by 39.
32
Let i(v) = -v**2 + 6. Let b be i(3). Let n be 0 + (-16)/(-12) + (-986)/b. Suppose 0 = -t - 9*t + n. What is the remainder when t is divided by 17?
16
Let n = 5 - 14. Suppose 968 = -99*i - 22*i. Calculate the remainder when 35 is divided by (-6)/(2/n + i/126).
14
Let k be 0 + 4/1 + -6. Suppose 4*g - 2*g - 2*z = 26, 0 = 2*g - z - 30. What is the remainder when g is divided by k - -3 - -8 - 3?
5
Let j(l) = -3*l + 27. Let y be j(8). Suppose 2*k = -3*p + 109, -y*p + 2*k = -k - 84. Calculate the remainder when 160 is divided by p.
28
Let s(d) = d - 2. Let b(f) = 88 + f - 88. Let o(c) = 4*b(c) - s(c). Calculate the remainder when 61 is divided by o(2).
5
Suppose 19*a = -10*a + 3781 + 163. What is the remainder when 577 is divided by a?
33
Suppose 0 = 2*d + 25*s - 28*s - 70, 2*d - 66 = 5*s. Calculate the remainder when 248 is divided by d.
20
Suppose -h + 1 = 0, 5*a + 0*h = 4*h + 41. Let j be (-42)/(-70) - (-7)/5. Calculate the remainder when (559/129 - 8/j)*78 is divided by a.
8
Suppose -5*q + 7*y = 3*y - 12, 5*y + 2 = 3*q. Suppose -5*k - q*l = -0 - 6, 3*l + 3 = 0. Suppose -w - 12 = -k*w. Calculate the remainder when 21 is divided by w.
9
Let j = -19 - -31. Let m = -4535 + 4549. What is the remainder when (78/j)/((-2)/(-12)) is divided by m?
11
Suppose 373 = 5*x - 107. Let o = -514 + 585. Suppose -27*u + o = -25*u + s, 0 = -u + 4*s + 13. What is the remainder when x is divided by u?
30
Suppose -121 - 230 = -4*u - 3*o, 4*o = -4*u + 352. Calculate the remainder when 300 is divided by u.
39
Let i(g) = g**2 - 7*g + 5. Let w be i(6). Calculate the remainder when 106 + 1 - w/(1/(-3)) is divided by 5.
4
Let b(u) = u**2 - 21*u + 106. What is the remainder when b(18) is divided by 16?
4
Suppose 3*v = -77 + 71, -2*v = 5*i - 111. What is the remainder when 169 